 base 5, what is 10043321 - -1442?
10100313
In base 5, what is -103303140 + -403?
-103304043
In base 9, what is -77287 - 148?
-77446
In base 3, what is 11111 + -11022122110?
-11022110222
In base 7, what is 0 - -506165340?
506165340
In base 7, what is -5 + -1612045146?
-1612045154
In base 16, what is 3b4aa + 6bb?
3bb65
In base 12, what is bb + -32a583?
-32a484
In base 14, what is 8b99 - -502?
929b
In base 14, what is 7 - 55a09b8?
-55a09b1
In base 8, what is 33534 + 227447?
263203
In base 4, what is 110020001 + -201120?
103212221
In base 4, what is -1330301 + 2312301?
322000
In base 9, what is 1201622 + -660?
1200852
In base 14, what is -8082c96 + 0?
-8082c96
In base 13, what is -38c9 + -312c?
-6a28
In base 11, what is 0 - -974601?
974601
In base 4, what is 131020320310 + -110?
131020320200
In base 10, what is -2 - 1578296?
-1578298
In base 12, what is 442937 + -2?
442935
In base 10, what is -56987030 + 1?
-56987029
In base 10, what is -5 - -1528201?
1528196
In base 15, what is 106e4ad - -1?
106e4ae
In base 15, what is -394 - -679?
2d5
In base 9, what is -47037 - 138?
-47176
In base 4, what is 1320 - -221112021?
221120001
In base 16, what is b435e + -298?
b40c6
In base 5, what is 311100321 + 111?
311100432
In base 14, what is 4 + 435981?
435985
In base 3, what is -22200221 + 120220221?
21020000
In base 9, what is -253118732 - -4?
-253118727
In base 13, what is 14368 + -767?
13901
In base 13, what is -69801a2 - 2?
-69801a4
In base 8, what is -5 + 71777123?
71777116
In base 6, what is -1121501331 + -12?
-1121501343
In base 2, what is 1000011 + 10111100110010010101?
10111100110011011000
In base 11, what is -355758528 + 5?
-355758523
In base 10, what is -62711 - -38?
-62673
In base 15, what is 4 + 1280d6?
1280da
In base 9, what is -83804 - 82?
-83886
In base 8, what is 4 + -10475437?
-10475433
In base 3, what is 10100211111222 - -1202?
10100211120201
In base 7, what is -4 + 21136330?
21136323
In base 10, what is 55257054 + -1?
55257053
In base 5, what is 242 + -1201244?
-1201002
In base 12, what is -743aa - -45?
-74365
In base 14, what is -20 + 1c9670?
1c9650
In base 15, what is -5a3251 + 3?
-5a324d
In base 2, what is -1001100000 + -1110001011?
-10111101011
In base 4, what is 3 - 20222203321203?
-20222203321200
In base 10, what is -16 - 102121?
-102137
In base 15, what is 47 + a6bd6?
a6c2d
In base 8, what is -23034 - -1071?
-21743
In base 7, what is 345 - 24155?
-23510
In base 8, what is -13 - -106272376?
106272363
In base 14, what is 199951 - 14?
19993b
In base 11, what is -60520539 - 1?
-6052053a
In base 4, what is 201211311220 + 22?
201211311302
In base 2, what is -10000010011000111010011001 - -1010?
-10000010011000111010001111
In base 10, what is -92930 + 6?
-92924
In base 4, what is 1002300131 - -232?
1002301023
In base 9, what is -25381851 + 4?
-25381846
In base 2, what is 111101 + 10010010100100011?
10010010101100000
In base 14, what is -36 + -33aa16?
-33aa4c
In base 10, what is 173877 - -25?
173902
In base 3, what is 11 + -202010110211020202?
-202010110211020121
In base 3, what is -200121100101 + 1?
-200121100100
In base 5, what is -430412442200 - 10?
-430412442210
In base 10, what is 60167 - -281?
60448
In base 10, what is -130 - 19322?
-19452
In base 11, what is 5 + 1966405?
196640a
In base 14, what is 820 + 4156?
4976
In base 16, what is -3 + 6693bf?
6693bc
In base 6, what is 313 - -105122?
105435
In base 13, what is -2b3b71 - 0?
-2b3b71
In base 8, what is 1030 - -174453?
175503
In base 10, what is -1098538484 + 0?
-1098538484
In base 13, what is 114cc79 + 0?
114cc79
In base 9, what is -5 - 17866170?
-17866175
In base 3, what is 10 - 12211102101210?
-12211102101200
In base 13, what is 690503 - 8?
6904c8
In base 5, what is 3 + -411412243033?
-411412243030
In base 10, what is 35 + -1900783?
-1900748
In base 16, what is 19e3e18 - 1?
19e3e17
In base 11, what is -21544 + 147?
-213a8
In base 6, what is 14041 - -45355?
103440
In base 7, what is -602240 + 115?
-602122
In base 3, what is 102002210221111 - 1?
102002210221110
In base 4, what is -32222212301012 + -11?
-32222212301023
In base 16, what is 1ab6 + -54?
1a62
In base 3, what is 10202 - 10102112111?
-10102101202
In base 9, what is -48 - 202717?
-202766
In base 13, what is -3c9441 + 6?
-3c9438
In base 4, what is -311011212323112 + -1?
-311011212323113
In base 8, what is -213 + 1322115?
1321702
In base 11, what is 4 - 19962a81?
-19962a78
In base 11, what is -1 - -5a8580?
5a857a
In base 12, what is -38 - 9682928?
-9682964
In base 15, what is -d302b7 - 3?
-d302ba
In base 8, what is 1750 - 74701?
-72731
In base 14, what is 4 - -478680b?
4786811
In base 12, what is -41104a1 - 5?
-41104a6
In base 6, what is 3420545 + -11303?
3405242
In base 15, what is -324d99 - -b?
-324d8d
In base 10, what is -2494 + -299312?
-301806
In base 11, what is a + -1933128?
-1933119
In base 8, what is 2267563333 - 1?
2267563332
In base 14, what is -27076 + 185?
-26cd1
In base 16, what is 1aa - 4e069?
-4debf
In base 3, what is -112 - 21002221011?
-21002221200
In base 5, what is -120444104 + 10414?
-120433140
In base 7, what is -123 - 662133?
-662256
In base 12, what is -5719727 + 0?
-5719727
In base 15, what is 70a0727 - b?
70a071b
In base 7, what is 134 + -16660031?
-16656564
In base 7, what is -5 - 3435062434?
-3435062442
In base 16, what is -86 + 6d1?
64b
In base 15, what is 24b4261 - -3?
24b4264
In base 8, what is -5 - -22705121?
22705114
In base 13, what is 33675b + -5?
336756
In base 13, what is -3 + 184aba?
184ab7
In base 9, what is -245 + -2622612?
-2622857
In base 11, what is -699 + -604a1?
-6108a
In base 13, what is -40 + -b0a3?
-b113
In base 2, what is -1101001010111101010000100000 + 1?
-1101001010111101010000011111
In base 3, what is -11 - -12021122010110211?
12021122010110200
In base 16, what is 3 - -22f5148?
22f514b
In base 8, what is 775007 - 301?
774506
In base 15, what is 5 + 1eb34c83?
1eb34c88
In base 12, what is 6365 - 2018?
4349
In base 16, what is 1de - -5755?
5933
In base 12, what is 3812216b - 3?
38122168
In base 10, what is -16948 - -1175?
-15773
In base 11, what is -5 + -a2a102?
-a2a107
In base 14, what is 7412 + 1a69?
907b
In base 14, what is -15628 + -c8?
-15712
In base 16, what is -5006 + 19d?
-4e69
In base 9, what is -384051 + 2065?
-381875
In base 14, what is -7 + 1a86cd7?
1a86cd0
In base 15, what is 7 - 2269cd1?
-2269cc9
In base 3, what is 112010122222220110 + 1?
112010122222220111
In base 9, what is -6748874 - 3?
-6748877
In base 10, what is -85 - -140109?
140024
In base 5, what is -1 + -42111314?
-42111320
In base 9, what is -12 - -5881511?
5881488
In base 8, what is -173724305 - 3?
-173724310
In base 11, what is 0 - 4a886238?
-4a886238
In base 9, what is -52216 - -1412?
-50704
In base 2, what is 1111000101 + 111000100101111001?
111000110100111110
In base 2, what is 101010101001 - -1011100010010?
10000110111011
In base 6, what is -220510342 - 1?
-220510343
In base 8, what is -5 + -136710253?
-136710260
In base 5, what is -13130 - -232443?
214313
In base 14, what is -5c033 + 1?
-5c032
In base 8, what is -4 - -1232350?
1232344
In base 16, what is 488e - -bd?
494b
In base 7, what is 0 - -3050126562?
3050126562
In base 9, what is -3381057 + -8?
-3381066
In base 6, what is -401 + 203533?
203132
In base 6, what is -1245 - 14323252?
-14324541
In base 2, what is -100111 + 10101111011001110001?
10101111011001001010
In base 8, what is -1337 - -770431?
767072
In base 2, what is 100001010001 + 1111111000?
110001001001
In base 9, what is 6 + -863618?
-863612
In base 11, what is -1 - 7183025?
-7183026
In base 2, what is 111 + 11111101010110011010011?
11111101010110011011010
In base 14, what is -6c4 - -bc7?
503
In base 7, what is -4552 - 104004?
-111556
In base 10, what is 1927120 - 3?
1927117
In base 6, what is -1001400 - 34124?
-1035524
In base 13, what is -3590c1 + 12?
-3590ac
In base 9, what is 43080 - -31833?
75023
In base 12, what is 155 + -1174451?
-11742b8
In base 6, what is 4 + 55504051344?
55504051352
In base 16, what is -5 + -39832c6?
-39832cb
In base 7, what is -63 + 622116?
622023
In base 7, what is -40365001 - -411?
-40364260
In base 7, what is -10 + 102665526?
102665516
In base 4, what is 200120 - 13123312?
-12323132
In base 7, what is 26 + 141022?
141051
In base 12, what is 0 + 3305